 228?
207
What is the remainder when 969 is divided by 384?
201
Calculate the remainder when 12636 is divided by 12596.
40
Calculate the remainder when 83518 is divided by 2321.
2283
What is the remainder when 36850 is divided by 365?
350
What is the remainder when 30993 is divided by 2376?
105
Calculate the remainder when 134778 is divided by 82.
52
What is the remainder when 29686 is divided by 12?
10
Calculate the remainder when 17171 is divided by 63.
35
What is the remainder when 3979 is divided by 21?
10
What is the remainder when 1032937 is divided by 241?
11
What is the remainder when 71559 is divided by 10219?
26
Calculate the remainder when 74024 is divided by 40.
24
What is the remainder when 128720 is divided by 7?
4
Calculate the remainder when 1087360 is divided by 191.
188
What is the remainder when 3373 is divided by 3364?
9
Calculate the remainder when 968348 is divided by 176.
172
What is the remainder when 174114 is divided by 359?
358
Calculate the remainder when 15251966 is divided by 53.
50
What is the remainder when 675406 is divided by 34?
30
Calculate the remainder when 63572 is divided by 15871.
88
What is the remainder when 570918 is divided by 63?
12
Calculate the remainder when 42584 is divided by 10641.
20
Calculate the remainder when 14576 is divided by 860.
816
Calculate the remainder when 56649 is divided by 78.
21
What is the remainder when 59942 is divided by 3330?
2
What is the remainder when 17921 is divided by 129?
119
What is the remainder when 147920 is divided by 1921?
3
What is the remainder when 5336 is divided by 97?
1
What is the remainder when 7242 is divided by 7233?
9
Calculate the remainder when 11669 is divided by 2914.
13
What is the remainder when 50889 is divided by 32?
9
Calculate the remainder when 1350 is divided by 344.
318
What is the remainder when 2563 is divided by 31?
21
Calculate the remainder when 6884 is divided by 26.
20
What is the remainder when 1243 is divided by 1127?
116
Calculate the remainder when 24840 is divided by 202.
196
Calculate the remainder when 845 is divided by 625.
220
What is the remainder when 4319 is divided by 88?
7
Calculate the remainder when 236681 is divided by 509.
505
Calculate the remainder when 197096 is divided by 11.
9
Calculate the remainder when 54569 is divided by 7788.
53
Calculate the remainder when 116481 is divided by 5546.
15
What is the remainder when 155381 is divided by 831?
815
Calculate the remainder when 581396 is divided by 12.
8
Calculate the remainder when 26652 is divided by 119.
115
Calculate the remainder when 1470 is divided by 7.
0
What is the remainder when 375 is divided by 234?
141
What is the remainder when 48000 is divided by 41?
30
What is the remainder when 75565 is divided by 514?
7
Calculate the remainder when 18252 is divided by 166.
158
What is the remainder when 20236 is divided by 2243?
49
What is the remainder when 3226000 is divided by 23?
20
What is the remainder when 645922 is divided by 7?
4
What is the remainder when 3844 is divided by 2524?
1320
What is the remainder when 2817 is divided by 559?
22
Calculate the remainder when 1960 is divided by 1220.
740
Calculate the remainder when 1065 is divided by 280.
225
What is the remainder when 8634 is divided by 2157?
6
Calculate the remainder when 2805809 is divided by 42.
41
What is the remainder when 27728 is divided by 30?
8
What is the remainder when 270 is divided by 58?
38
What is the remainder when 15091 is divided by 15023?
68
Calculate the remainder when 54698 is divided by 4900.
798
Calculate the remainder when 5968 is divided by 1963.
79
Calculate the remainder when 7220 is divided by 212.
12
What is the remainder when 28579 is divided by 101?
97
What is the remainder when 654494 is divided by 16?
14
Calculate the remainder when 5816 is divided by 43.
11
What is the remainder when 216751 is divided by 72249?
4
Calculate the remainder when 1989660 is divided by 6066.
12
What is the remainder when 159565 is divided by 1549?
18
Calculate the remainder when 241662 is divided by 256.
254
Calculate the remainder when 2148 is divided by 122.
74
Calculate the remainder when 16816 is divided by 4184.
80
What is the remainder when 82003 is divided by 218?
35
Calculate the remainder when 811847 is divided by 2752.
7
Calculate the remainder when 2459 is divided by 468.
119
Calculate the remainder when 10452 is divided by 10291.
161
Calculate the remainder when 88807 is divided by 88795.
12
Calculate the remainder when 373459 is divided by 124447.
118
What is the remainder when 68450 is divided by 49?
46
What is the remainder when 51362 is divided by 51349?
13
Calculate the remainder when 20724 is divided by 1727.
0
Calculate the remainder when 7671 is divided by 192.
183
Calculate the remainder when 31250 is divided by 57.
14
Calculate the remainder when 149339 is divided by 114.
113
Calculate the remainder when 56485 is divided by 189.
163
Calculate the remainder when 185551 is divided by 59.
55
Calculate the remainder when 4085 is divided by 64.
53
What is the remainder when 12276 is divided by 52?
4
What is the remainder when 15710 is divided by 477?
446
What is the remainder when 7960 is divided by 53?
10
What is the remainder when 671470 is divided by 82?
54
What is the remainder when 63 is divided by 33?
30
Calculate the remainder when 2908 is divided by 968.
4
What is the remainder when 1174458 is divided by 35?
33
Calculate the remainder when 2942 is divided by 476.
86
Calculate the remainder when 14010 is divided by 26.
22
What is the remainder when 91815 is divided by 447?
180
What is the remainder when 216108 is divided by 33?
24
What is the remainder when 28843 is divided by 68?
11
What is the remainder when 165290 is divided by 4?
2
Calculate the remainder when 1406 is divided by 279.
11
Calculate the remainder when 8187 is divided by 326.
37
What is the remainder when 183287 is divided by 903?
881
Calculate the remainder when 2325 is divided by 6.
3
Calculate the remainder when 8083 is divided by 2579.
346
What is the remainder when 2135 is divided by 654?
173
Calculate the remainder when 3074 is divided by 913.
335
What is the remainder when 79562 is divided by 123?
104
What is the remainder when 52180 is divided by 39?
37
What is the remainder when 21909 is divided by 789?
606
Calculate the remainder when 655 is divided by 10.
5
Calculate the remainder when 841921 is divided by 595.
591
Calculate the remainder when 1837 is divided by 35.
17
What is the remainder when 269729 is divided by 405?
404
What is the remainder when 1375 is divided by 135?
25
What is the remainder when 151159 is divided by 174?
127
Calculate the remainder when 9555 is divided by 99.
51
What is the remainder when 48103 is divided by 12012?
55
Calculate the remainder when 4292 is divided by 71.
32
What is the remainder when 3561 is divided by 254?
5
Calculate the remainder when 111319 is divided by 365.
359
Calculate the remainder when 95118 is divided by 80.
78
Calculate the remainder when 235745 is divided by 58934.
9
What is the remainder when 179506 is divided by 21?
19
Calculate the remainder when 3853 is divided by 37.
5
What is the remainder when 1381 is divided by 77?
72
What is the remainder when 1619 is divided by 664?
291
Calculate the remainder when 1420 is divided by 799.
621
Calculate the remainder when 4527 is divided by 495.
72
Calculate the remainder when 286915 is divided by 65.
5
Calculate the remainder when 158495 is divided by 43.
40
What is the remainder when 2629245 is divided by 25?
20
What is the remainder when 37258 is divided by 12419?
1
What is the remainder when 26025 is divided by 8639?
108
Calculate the remainder when 24350 is divided by 120.
110
What is the remainder when 4674 is divided by 2333?
8
What is the remainder when 5067 is divided by 2529?
9
What is the remainder when 108337 is divided by 832?
177
What is the remainder when 19402 is divided by 17?
5
Calculate the remainder when 109338 is divided by 35.
33
Calculate the remainder when 5802 is divided by 825.
27
Calculate the remainder when 72669 is divided by 308.
289
Calculate the remainder when 1310 is divided by 252.
50
Calculate the remainder when 1415437 is divided by 21.
1